{"id":352,"date":"2021-04-19T15:06:53","date_gmt":"2021-04-19T13:06:53","guid":{"rendered":"https:\/\/champagne-fedyk-chambres-hotes-hautvillers.com\/champagne-fedyk\/?page_id=352"},"modified":"2022-10-31T15:34:04","modified_gmt":"2022-10-31T14:34:04","slug":"sejour-offert","status":"publish","type":"page","link":"https:\/\/www.champagne-fedyk-chambres-hotes-hautvillers.com\/champagne-fedyk\/sejour-offert\/","title":{"rendered":"S\u00e9jour offert"},"content":{"rendered":"<div id=\"metaslider-id-247\" style=\"width: 100%; margin: 0 auto;\" class=\"ml-slider-3-31-0 metaslider metaslider-flex metaslider-247 ml-slider ms-theme-default\">\n    <div id=\"metaslider_container_247\">\n        <div id=\"metaslider_247\">\n            <ul aria-live=\"polite\" class=\"slides\">\n                <li style=\"display: block; width: 100%;\" class=\"slide-1286 ms-image\"><img src=\"https:\/\/www.champagne-fedyk-chambres-hotes-hautvillers.com\/champagne-fedyk\/wp-content\/uploads\/2022\/10\/Chambre-Champagne-Fedyk-2-scaled-0x1100.jpg\" height=\"1100\" width=\"0\" alt=\"\" class=\"slider-247 slide-1286\" title=\"Chambre-Champagne-Fedyk-2\" \/><\/li>\n                <li style=\"display: none; width: 100%;\" class=\"slide-1287 ms-image\"><img src=\"https:\/\/www.champagne-fedyk-chambres-hotes-hautvillers.com\/champagne-fedyk\/wp-content\/uploads\/2022\/10\/Chambre-Champagne-Fedyk-1-scaled-0x1100.jpg\" height=\"1100\" width=\"0\" alt=\"\" class=\"slider-247 slide-1287\" title=\"Chambre-Champagne-Fedyk-1\" \/><\/li>\n            <\/ul>\n        <\/div>\n        \n    <\/div>\n<\/div>\n\n\n<section id=\"section0\" class=\"chbs_section chbs_section_single\">\n<div class=\"chb_content\">\n<div class=\"equipements\">\n<div class=\"div_content\">\n<p>Clients champagne, cette chambre vous est r\u00e9serv\u00e9e. Sur demande, et d\u00e9s l&rsquo;achat de 60 flacons de nos cuv\u00e9es, votre s\u00e9jour vous sera offert pour une nuit.<\/p>\n<p>Vous aurez acc\u00e8s \u00e0 tous nos services Chambres d&rsquo;h\u00f4tes.<\/p>\n<ul class=\"pictos_list\">\n<li>\n<figure><img decoding=\"async\" src=\"https:\/\/champagne-fedyk-chambres-hotes-hautvillers.com\/la-chevalee\/wp-content\/uploads\/2021\/02\/005-television-01.png\" alt=\"\"><\/figure>\n<div class=\"picto_container\">&nbsp;<\/div>\n<div class=\"text\">T\u00e9l\u00e9vision \u00e9cran plat<\/div>\n<\/li>\n<li>\n<figure><img decoding=\"async\" src=\"https:\/\/champagne-fedyk-chambres-hotes-hautvillers.com\/la-chevalee\/wp-content\/uploads\/2021\/02\/003-bed-1-01.png\" alt=\"\"><\/figure>\n<div class=\"picto_container\">&nbsp;<\/div>\n<div class=\"text\">Queen size<\/div>\n<\/li>\n<li>\n<figure><img decoding=\"async\" src=\"https:\/\/champagne-fedyk-chambres-hotes-hautvillers.com\/la-chevalee\/wp-content\/uploads\/2021\/02\/014-shower-2-01.png\" alt=\"\"><\/figure>\n<div class=\"picto_container\">&nbsp;<\/div>\n<div class=\"text\">Douche<\/div>\n<\/li>\n<li>\n<figure><img decoding=\"async\" src=\"https:\/\/champagne-fedyk-chambres-hotes-hautvillers.com\/la-chevalee\/wp-content\/uploads\/2021\/02\/002-cosmetics-01.png\" alt=\"\"><\/figure>\n<div class=\"picto_container\">&nbsp;<\/div>\n<div class=\"text\">Produits d&rsquo;accueil<\/div>\n<\/li>\n<li>\n<figure><img decoding=\"async\" src=\"https:\/\/champagne-fedyk-chambres-hotes-hautvillers.com\/la-chevalee\/wp-content\/uploads\/2021\/02\/016-wifi-01.png\" alt=\"\"><\/figure>\n<div class=\"picto_container\">&nbsp;<\/div>\n<div class=\"text\">Wi-fi gratuit<\/div>\n<\/li>\n<li>\n<figure><img decoding=\"async\" src=\"https:\/\/champagne-fedyk-chambres-hotes-hautvillers.com\/la-chevalee\/wp-content\/uploads\/2021\/02\/018-terrace-01.png\" alt=\"\"><\/figure>\n<div class=\"picto_container\">&nbsp;<\/div>\n<div class=\"text\">Jardin terrasse<\/div>\n<\/li>\n<li>\n<figure><img decoding=\"async\" src=\"https:\/\/champagne-fedyk-chambres-hotes-hautvillers.com\/la-chevalee\/wp-content\/uploads\/2021\/02\/021-swimming-pool-01.png\" alt=\"\"><\/figure>\n<div class=\"picto_container\">&nbsp;<\/div>\n<div class=\"text\">Piscine ext\u00e9rieure chauff\u00e9e<\/div>\n<\/li>\n<li>\n<figure><img decoding=\"async\" src=\"https:\/\/champagne-fedyk-chambres-hotes-hautvillers.com\/la-chevalee\/wp-content\/uploads\/2021\/02\/023-coffee-1.png\" alt=\"\"><\/figure>\n<div class=\"picto_container\">&nbsp;<\/div>\n<div class=\"text\">Petit d\u00e9jeuner offert<\/div>\n<\/li>\n<li>\n<figure><img decoding=\"async\" src=\"https:\/\/champagne-fedyk-chambres-hotes-hautvillers.com\/la-chevalee\/wp-content\/uploads\/2021\/02\/032-panorama-01.png\" alt=\"\"><\/figure>\n<div class=\"picto_container\">&nbsp;<\/div>\n<div class=\"text\">Cour<\/div>\n<\/li>\n<\/ul>\n<\/div>\n<\/div>\n<\/div>\n<\/section>","protected":false},"excerpt":{"rendered":"<p>Clients champagne, cette chambre vous est r\u00e9serv\u00e9e. Sur demande, et d\u00e9s l&rsquo;achat de 60 flacons de nos cuv\u00e9es, votre s\u00e9jour vous sera offert pour une nuit. Vous aurez acc\u00e8s \u00e0 tous nos services Chambres d&rsquo;h\u00f4tes. &nbsp; T\u00e9l\u00e9vision \u00e9cran plat &nbsp; Queen size &nbsp; Douche &nbsp; Produits d&rsquo;accueil &nbsp; Wi-fi gratuit &nbsp; Jardin terrasse &nbsp; Piscine [&hellip;]<\/p>\n","protected":false},"author":2,"featured_media":0,"parent":0,"menu_order":0,"comment_status":"closed","ping_status":"closed","template":"","meta":[],"_links":{"self":[{"href":"https:\/\/www.champagne-fedyk-chambres-hotes-hautvillers.com\/champagne-fedyk\/wp-json\/wp\/v2\/pages\/352"}],"collection":[{"href":"https:\/\/www.champagne-fedyk-chambres-hotes-hautvillers.com\/champagne-fedyk\/wp-json\/wp\/v2\/pages"}],"about":[{"href":"https:\/\/www.champagne-fedyk-chambres-hotes-hautvillers.com\/champagne-fedyk\/wp-json\/wp\/v2\/types\/page"}],"author":[{"embeddable":true,"href":"https:\/\/www.champagne-fedyk-chambres-hotes-hautvillers.com\/champagne-fedyk\/wp-json\/wp\/v2\/users\/2"}],"replies":[{"embeddable":true,"href":"https:\/\/www.champagne-fedyk-chambres-hotes-hautvillers.com\/champagne-fedyk\/wp-json\/wp\/v2\/comments?post=352"}],"version-history":[{"count":2,"href":"https:\/\/www.champagne-fedyk-chambres-hotes-hautvillers.com\/champagne-fedyk\/wp-json\/wp\/v2\/pages\/352\/revisions"}],"predecessor-version":[{"id":1288,"href":"https:\/\/www.champagne-fedyk-chambres-hotes-hautvillers.com\/champagne-fedyk\/wp-json\/wp\/v2\/pages\/352\/revisions\/1288"}],"wp:attachment":[{"href":"https:\/\/www.champagne-fedyk-chambres-hotes-hautvillers.com\/champagne-fedyk\/wp-json\/wp\/v2\/media?parent=352"}],"curies":[{"name":"wp","href":"https:\/\/api.w.org\/{rel}","templated":true}]}}