{"id":1366,"date":"2023-01-24T09:39:01","date_gmt":"2023-01-24T08:39:01","guid":{"rendered":"https:\/\/champagne-fedyk-chambres-hotes-hautvillers.com\/champagne-fedyk\/?post_type=product&#038;p=1366"},"modified":"2025-09-11T14:49:01","modified_gmt":"2025-09-11T12:49:01","slug":"champagne-rose-de-saignee","status":"publish","type":"product","link":"https:\/\/www.champagne-fedyk-chambres-hotes-hautvillers.com\/champagne-fedyk\/produit\/champagne-rose-de-saignee\/","title":{"rendered":"Champagne Ros\u00e9 de saign\u00e9e"},"content":{"rendered":"<p>Robe \u00e0 l\u2019aspect lumineux et fluide, d\u2019un rose cerise profond avec des reflets tirant au rubis. Bulles fines et vives qui alimentent un cordon persistant. La sensation visuelle annonce un vin riche et nuanc\u00e9.<\/p>\n<p>Palais souple et frais, avec une effervescence cr\u00e9meuse et fondue. Ce Champagne d\u00e9veloppe une mati\u00e8re fruit\u00e9e pulpeuse et croquante, soutenue par une acidit\u00e9 de pomelo int\u00e9gr\u00e9e. Le milieu de bouche est orchestr\u00e9 par une min\u00e9ralit\u00e9 argilo-crayeuse qui conf\u00e8re de la franchise, du volume fruit\u00e9, de la salinit\u00e9 iod\u00e9e et de l\u2019allonge au palais. Le dosage accompagne une mati\u00e8re suave et de caract\u00e8re, dot\u00e9e d\u2019un charme fruit\u00e9 et de parfums enivrants. La finale se montre a\u00e9rienne, pulpeuse et min\u00e9rale, aboutie.<\/p>\n<p>Flacon (75cl) par colis de 6 flacons 28 \u20ac.<\/p>\n","protected":false},"excerpt":{"rendered":"<p>Robe \u00e0 l\u2019aspect lumineux et fluide, d\u2019un rose cerise profond avec des reflets tirant au rubis. Bulles fines et vives qui alimentent un cordon persistant. La sensation visuelle annonce un vin riche et nuanc\u00e9. Palais souple et frais, avec une effervescence cr\u00e9meuse et fondue. Ce Champagne d\u00e9veloppe une mati\u00e8re fruit\u00e9e pulpeuse et croquante, soutenue par [&hellip;]<\/p>\n","protected":false},"featured_media":1377,"template":"","meta":[],"product_cat":[17],"product_tag":[],"_links":{"self":[{"href":"https:\/\/www.champagne-fedyk-chambres-hotes-hautvillers.com\/champagne-fedyk\/wp-json\/wp\/v2\/product\/1366"}],"collection":[{"href":"https:\/\/www.champagne-fedyk-chambres-hotes-hautvillers.com\/champagne-fedyk\/wp-json\/wp\/v2\/product"}],"about":[{"href":"https:\/\/www.champagne-fedyk-chambres-hotes-hautvillers.com\/champagne-fedyk\/wp-json\/wp\/v2\/types\/product"}],"wp:featuredmedia":[{"embeddable":true,"href":"https:\/\/www.champagne-fedyk-chambres-hotes-hautvillers.com\/champagne-fedyk\/wp-json\/wp\/v2\/media\/1377"}],"wp:attachment":[{"href":"https:\/\/www.champagne-fedyk-chambres-hotes-hautvillers.com\/champagne-fedyk\/wp-json\/wp\/v2\/media?parent=1366"}],"wp:term":[{"taxonomy":"product_cat","embeddable":true,"href":"https:\/\/www.champagne-fedyk-chambres-hotes-hautvillers.com\/champagne-fedyk\/wp-json\/wp\/v2\/product_cat?post=1366"},{"taxonomy":"product_tag","embeddable":true,"href":"https:\/\/www.champagne-fedyk-chambres-hotes-hautvillers.com\/champagne-fedyk\/wp-json\/wp\/v2\/product_tag?post=1366"}],"curies":[{"name":"wp","href":"https:\/\/api.w.org\/{rel}","templated":true}]}}