{"id":15,"date":"2020-03-06T15:16:44","date_gmt":"2020-03-06T14:16:44","guid":{"rendered":"https:\/\/champagne-fedyk-chambres-hotes-hautvillers.com\/la-chevalee\/?page_id=15"},"modified":"2025-03-13T09:22:17","modified_gmt":"2025-03-13T08:22:17","slug":"services","status":"publish","type":"page","link":"https:\/\/www.champagne-fedyk-chambres-hotes-hautvillers.com\/la-chevalee\/services\/","title":{"rendered":"Services"},"content":{"rendered":"\n<section id=\"section0\" class=\"services_section\">\n<div class=\"img_container\"><div id=\"metaslider-id-351\" style=\"width: 100%;\" class=\"ml-slider-3-31-0 metaslider metaslider-flex metaslider-351 ml-slider ms-theme-default\">\n    <div id=\"metaslider_container_351\">\n        <div id=\"metaslider_351\">\n            <ul aria-live=\"polite\" class=\"slides\">\n                <li style=\"display: block; width: 100%;\" class=\"slide-352 ms-image\"><img src=\"https:\/\/www.champagne-fedyk-chambres-hotes-hautvillers.com\/la-chevalee\/wp-content\/uploads\/2020\/11\/IMG_E2501-scaled-0x0.jpg\" height=\"0\" width=\"0\" alt=\"piscine la cheval\u00e9e\" class=\"slider-351 slide-352\" title=\"IMG_E2501\" \/><\/li>\n                <li style=\"display: none; width: 100%;\" class=\"slide-659 ms-image\"><img src=\"https:\/\/www.champagne-fedyk-chambres-hotes-hautvillers.com\/la-chevalee\/wp-content\/uploads\/2022\/02\/00064_davidgrimbert-scaled-0x0.jpg\" height=\"0\" width=\"0\" alt=\"\" class=\"slider-351 slide-659\" title=\"00064_davidgrimbert\" \/><\/li>\n                <li style=\"display: none; width: 100%;\" class=\"slide-660 ms-image\"><img src=\"https:\/\/www.champagne-fedyk-chambres-hotes-hautvillers.com\/la-chevalee\/wp-content\/uploads\/2022\/02\/00054_davidgrimbert-scaled-0x0.jpg\" height=\"0\" width=\"0\" alt=\"\" class=\"slider-351 slide-660\" title=\"00054_davidgrimbert\" \/><\/li>\n                <li style=\"display: none; width: 100%;\" class=\"slide-661 ms-image\"><img src=\"https:\/\/www.champagne-fedyk-chambres-hotes-hautvillers.com\/la-chevalee\/wp-content\/uploads\/2022\/02\/00045_davidgrimbert-scaled-0x0.jpg\" height=\"0\" width=\"0\" alt=\"\" class=\"slider-351 slide-661\" title=\"00045_davidgrimbert\" \/><\/li>\n                <li style=\"display: none; width: 100%;\" class=\"slide-662 ms-image\"><img src=\"https:\/\/www.champagne-fedyk-chambres-hotes-hautvillers.com\/la-chevalee\/wp-content\/uploads\/2022\/02\/00043_davidgrimbert-scaled-0x0.jpg\" height=\"0\" width=\"0\" alt=\"\" class=\"slider-351 slide-662\" title=\"00043_davidgrimbert\" \/><\/li>\n            <\/ul>\n        <\/div>\n        \n    <\/div>\n<\/div><\/div>\n<div class=\"content_text\">\n<h2>Votre espace d\u00e9tente \u00e0 La Cheval\u00e9e!<\/h2>\n<p>Notre couloir de nage chauff\u00e9 d&rsquo;une longueur de 16m vous offre un espace de nage et de d\u00e9tente<br>(traitement au sel)<\/p>\n<p>L&rsquo;acc\u00e8s \u00e0 la piscine est li\u00e9 aux horaires de locations de votre chambre d&rsquo;H\u00f4tes.<br>Ouverture \u00e0 9h00 et fermeture \u00e0 20h30 du 15 mai au 30 septembre.<\/p>\n<\/div>\n<\/section>\n\n\n\n<section id=\"section2\" class=\"services_section\">\n<div class=\"content_text\">\n<figure><img decoding=\"async\" style=\"font-size: revert; font-family: 'Inter var', -apple-system, BlinkMacSystemFont, 'Helvetica Neue', Helvetica, sans-serif; letter-spacing: -0.015em;\" src=\"https:\/\/champagne-fedyk-chambres-hotes-hautvillers.com\/la-chevalee\/wp-content\/uploads\/2020\/03\/2__.jpg\"><\/figure><div>\n<ul>\n<li><\/li>\n<\/ul>\n<\/div>\n<\/div>\n<\/section>\n\n\n\n<section id=\"section3\" class=\"services_section\">\n<figure><img decoding=\"async\" loading=\"lazy\" class=\"alignnone wp-image-784 \" src=\"https:\/\/www.champagne-fedyk-chambres-hotes-hautvillers.com\/la-chevalee\/wp-content\/uploads\/2024\/01\/Etiquette-300x200.jpg\" alt=\"\" width=\"608\" height=\"405\" srcset=\"https:\/\/www.champagne-fedyk-chambres-hotes-hautvillers.com\/la-chevalee\/wp-content\/uploads\/2024\/01\/Etiquette-300x200.jpg 300w, https:\/\/www.champagne-fedyk-chambres-hotes-hautvillers.com\/la-chevalee\/wp-content\/uploads\/2024\/01\/Etiquette-1024x683.jpg 1024w, https:\/\/www.champagne-fedyk-chambres-hotes-hautvillers.com\/la-chevalee\/wp-content\/uploads\/2024\/01\/Etiquette-768x512.jpg 768w, https:\/\/www.champagne-fedyk-chambres-hotes-hautvillers.com\/la-chevalee\/wp-content\/uploads\/2024\/01\/Etiquette-1536x1024.jpg 1536w, https:\/\/www.champagne-fedyk-chambres-hotes-hautvillers.com\/la-chevalee\/wp-content\/uploads\/2024\/01\/Etiquette-2048x1365.jpg 2048w, https:\/\/www.champagne-fedyk-chambres-hotes-hautvillers.com\/la-chevalee\/wp-content\/uploads\/2024\/01\/Etiquette-1200x800.jpg 1200w, https:\/\/www.champagne-fedyk-chambres-hotes-hautvillers.com\/la-chevalee\/wp-content\/uploads\/2024\/01\/Etiquette-1980x1320.jpg 1980w\" sizes=\"(max-width: 608px) 100vw, 608px\" \/><\/figure><div class=\"img-container\"><\/div>\n<div class=\"content_text\">\n<h2>La Cheval\u00e9e \u00e0 votre service<\/h2>\n<div>\n<p>Si vous d\u00e9sirez fleurir votre chambre, nous nous occupons de tout, nous pouvons \u00e9galement mettre un flacon d&rsquo;une de nos cuv\u00e9es de champagne Pierre Fedyk, servie fra\u00eeche en chambre.<\/p>\n<p>Sur demande ,nous nous occuperons de vos r\u00e9servations de restaurants et taxi.<\/p>\n<\/div>\n<\/div>\n\n<\/section>\n","protected":false},"excerpt":{"rendered":"<p>Votre espace d\u00e9tente \u00e0 La Cheval\u00e9e! Notre couloir de nage chauff\u00e9 d&rsquo;une longueur de 16m vous offre un espace de nage et de d\u00e9tente(traitement au sel) L&rsquo;acc\u00e8s \u00e0 la piscine est li\u00e9 aux horaires de locations de votre chambre d&rsquo;H\u00f4tes.Ouverture \u00e0 9h00 et fermeture \u00e0 20h30 du 15 mai au 30 septembre. La Cheval\u00e9e \u00e0 [&hellip;]<\/p>\n","protected":false},"author":1,"featured_media":0,"parent":0,"menu_order":0,"comment_status":"closed","ping_status":"closed","template":"","meta":[],"_links":{"self":[{"href":"https:\/\/www.champagne-fedyk-chambres-hotes-hautvillers.com\/la-chevalee\/wp-json\/wp\/v2\/pages\/15"}],"collection":[{"href":"https:\/\/www.champagne-fedyk-chambres-hotes-hautvillers.com\/la-chevalee\/wp-json\/wp\/v2\/pages"}],"about":[{"href":"https:\/\/www.champagne-fedyk-chambres-hotes-hautvillers.com\/la-chevalee\/wp-json\/wp\/v2\/types\/page"}],"author":[{"embeddable":true,"href":"https:\/\/www.champagne-fedyk-chambres-hotes-hautvillers.com\/la-chevalee\/wp-json\/wp\/v2\/users\/1"}],"replies":[{"embeddable":true,"href":"https:\/\/www.champagne-fedyk-chambres-hotes-hautvillers.com\/la-chevalee\/wp-json\/wp\/v2\/comments?post=15"}],"version-history":[{"count":63,"href":"https:\/\/www.champagne-fedyk-chambres-hotes-hautvillers.com\/la-chevalee\/wp-json\/wp\/v2\/pages\/15\/revisions"}],"predecessor-version":[{"id":809,"href":"https:\/\/www.champagne-fedyk-chambres-hotes-hautvillers.com\/la-chevalee\/wp-json\/wp\/v2\/pages\/15\/revisions\/809"}],"wp:attachment":[{"href":"https:\/\/www.champagne-fedyk-chambres-hotes-hautvillers.com\/la-chevalee\/wp-json\/wp\/v2\/media?parent=15"}],"curies":[{"name":"wp","href":"https:\/\/api.w.org\/{rel}","templated":true}]}}