{"id":9,"date":"2020-03-06T15:16:02","date_gmt":"2020-03-06T14:16:02","guid":{"rendered":"https:\/\/champagne-fedyk-chambres-hotes-hautvillers.com\/la-chevalee\/?page_id=9"},"modified":"2024-01-17T15:33:28","modified_gmt":"2024-01-17T14:33:28","slug":"accueil","status":"publish","type":"page","link":"https:\/\/www.champagne-fedyk-chambres-hotes-hautvillers.com\/la-chevalee\/","title":{"rendered":"Accueil"},"content":{"rendered":"<section id=\"jumbo_home\" class=\"jumbo jumbo_home\">\n<div id=\"section0\"><div id=\"metaslider-id-355\" style=\"width: 100%; margin: 0 auto;\" class=\"ml-slider-3-31-0 metaslider metaslider-flex metaslider-355 ml-slider ms-theme-default nav-hidden\">\n    <div id=\"metaslider_container_355\">\n        <div id=\"metaslider_355\">\n            <ul aria-live=\"polite\" class=\"slides\">\n                <li style=\"display: block; width: 100%;\" class=\"slide-356 ms-image\"><img width=\"1920\" height=\"1080\" src=\"https:\/\/www.champagne-fedyk-chambres-hotes-hautvillers.com\/la-chevalee\/wp-content\/uploads\/2023\/01\/1.jpg\" class=\"slider-355 slide-356\" alt=\"\" decoding=\"async\" loading=\"lazy\" rel=\"\" title=\"1\" srcset=\"https:\/\/www.champagne-fedyk-chambres-hotes-hautvillers.com\/la-chevalee\/wp-content\/uploads\/2023\/01\/1.jpg 1920w, https:\/\/www.champagne-fedyk-chambres-hotes-hautvillers.com\/la-chevalee\/wp-content\/uploads\/2023\/01\/1-300x169.jpg 300w, https:\/\/www.champagne-fedyk-chambres-hotes-hautvillers.com\/la-chevalee\/wp-content\/uploads\/2023\/01\/1-1024x576.jpg 1024w, https:\/\/www.champagne-fedyk-chambres-hotes-hautvillers.com\/la-chevalee\/wp-content\/uploads\/2023\/01\/1-768x432.jpg 768w, https:\/\/www.champagne-fedyk-chambres-hotes-hautvillers.com\/la-chevalee\/wp-content\/uploads\/2023\/01\/1-1536x864.jpg 1536w, https:\/\/www.champagne-fedyk-chambres-hotes-hautvillers.com\/la-chevalee\/wp-content\/uploads\/2023\/01\/1-1200x675.jpg 1200w\" sizes=\"(max-width: 1920px) 100vw, 1920px\" \/><\/li>\n                <li style=\"display: none; width: 100%;\" class=\"slide-357 ms-image\"><img width=\"1920\" height=\"1080\" src=\"https:\/\/www.champagne-fedyk-chambres-hotes-hautvillers.com\/la-chevalee\/wp-content\/uploads\/2023\/01\/2.jpg\" class=\"slider-355 slide-357\" alt=\"\" decoding=\"async\" loading=\"lazy\" rel=\"\" title=\"2\" srcset=\"https:\/\/www.champagne-fedyk-chambres-hotes-hautvillers.com\/la-chevalee\/wp-content\/uploads\/2023\/01\/2.jpg 1920w, https:\/\/www.champagne-fedyk-chambres-hotes-hautvillers.com\/la-chevalee\/wp-content\/uploads\/2023\/01\/2-300x169.jpg 300w, https:\/\/www.champagne-fedyk-chambres-hotes-hautvillers.com\/la-chevalee\/wp-content\/uploads\/2023\/01\/2-1024x576.jpg 1024w, https:\/\/www.champagne-fedyk-chambres-hotes-hautvillers.com\/la-chevalee\/wp-content\/uploads\/2023\/01\/2-768x432.jpg 768w, https:\/\/www.champagne-fedyk-chambres-hotes-hautvillers.com\/la-chevalee\/wp-content\/uploads\/2023\/01\/2-1536x864.jpg 1536w, https:\/\/www.champagne-fedyk-chambres-hotes-hautvillers.com\/la-chevalee\/wp-content\/uploads\/2023\/01\/2-1200x675.jpg 1200w\" sizes=\"(max-width: 1920px) 100vw, 1920px\" \/><\/li>\n                <li style=\"display: none; width: 100%;\" class=\"slide-358 ms-image\"><img width=\"1920\" height=\"1080\" src=\"https:\/\/www.champagne-fedyk-chambres-hotes-hautvillers.com\/la-chevalee\/wp-content\/uploads\/2023\/01\/3.jpg\" class=\"slider-355 slide-358\" alt=\"\" decoding=\"async\" loading=\"lazy\" rel=\"\" title=\"3\" srcset=\"https:\/\/www.champagne-fedyk-chambres-hotes-hautvillers.com\/la-chevalee\/wp-content\/uploads\/2023\/01\/3.jpg 1920w, https:\/\/www.champagne-fedyk-chambres-hotes-hautvillers.com\/la-chevalee\/wp-content\/uploads\/2023\/01\/3-300x169.jpg 300w, https:\/\/www.champagne-fedyk-chambres-hotes-hautvillers.com\/la-chevalee\/wp-content\/uploads\/2023\/01\/3-1024x576.jpg 1024w, https:\/\/www.champagne-fedyk-chambres-hotes-hautvillers.com\/la-chevalee\/wp-content\/uploads\/2023\/01\/3-768x432.jpg 768w, https:\/\/www.champagne-fedyk-chambres-hotes-hautvillers.com\/la-chevalee\/wp-content\/uploads\/2023\/01\/3-1536x864.jpg 1536w, https:\/\/www.champagne-fedyk-chambres-hotes-hautvillers.com\/la-chevalee\/wp-content\/uploads\/2023\/01\/3-1200x675.jpg 1200w\" sizes=\"(max-width: 1920px) 100vw, 1920px\" \/><\/li>\n                <li style=\"display: none; width: 100%;\" class=\"slide-359 ms-image\"><img width=\"1920\" height=\"1080\" src=\"https:\/\/www.champagne-fedyk-chambres-hotes-hautvillers.com\/la-chevalee\/wp-content\/uploads\/2023\/01\/4.jpg\" class=\"slider-355 slide-359\" alt=\"\" decoding=\"async\" loading=\"lazy\" rel=\"\" title=\"4\" srcset=\"https:\/\/www.champagne-fedyk-chambres-hotes-hautvillers.com\/la-chevalee\/wp-content\/uploads\/2023\/01\/4.jpg 1920w, https:\/\/www.champagne-fedyk-chambres-hotes-hautvillers.com\/la-chevalee\/wp-content\/uploads\/2023\/01\/4-300x169.jpg 300w, https:\/\/www.champagne-fedyk-chambres-hotes-hautvillers.com\/la-chevalee\/wp-content\/uploads\/2023\/01\/4-1024x576.jpg 1024w, https:\/\/www.champagne-fedyk-chambres-hotes-hautvillers.com\/la-chevalee\/wp-content\/uploads\/2023\/01\/4-768x432.jpg 768w, https:\/\/www.champagne-fedyk-chambres-hotes-hautvillers.com\/la-chevalee\/wp-content\/uploads\/2023\/01\/4-1536x864.jpg 1536w, https:\/\/www.champagne-fedyk-chambres-hotes-hautvillers.com\/la-chevalee\/wp-content\/uploads\/2023\/01\/4-1200x675.jpg 1200w\" sizes=\"(max-width: 1920px) 100vw, 1920px\" \/><\/li>\n                <li style=\"display: none; width: 100%;\" class=\"slide-360 ms-image\"><img width=\"1920\" height=\"1080\" src=\"https:\/\/www.champagne-fedyk-chambres-hotes-hautvillers.com\/la-chevalee\/wp-content\/uploads\/2023\/01\/5.jpg\" class=\"slider-355 slide-360\" alt=\"\" decoding=\"async\" loading=\"lazy\" rel=\"\" title=\"5\" srcset=\"https:\/\/www.champagne-fedyk-chambres-hotes-hautvillers.com\/la-chevalee\/wp-content\/uploads\/2023\/01\/5.jpg 1920w, https:\/\/www.champagne-fedyk-chambres-hotes-hautvillers.com\/la-chevalee\/wp-content\/uploads\/2023\/01\/5-300x169.jpg 300w, https:\/\/www.champagne-fedyk-chambres-hotes-hautvillers.com\/la-chevalee\/wp-content\/uploads\/2023\/01\/5-1024x576.jpg 1024w, https:\/\/www.champagne-fedyk-chambres-hotes-hautvillers.com\/la-chevalee\/wp-content\/uploads\/2023\/01\/5-768x432.jpg 768w, https:\/\/www.champagne-fedyk-chambres-hotes-hautvillers.com\/la-chevalee\/wp-content\/uploads\/2023\/01\/5-1536x864.jpg 1536w, https:\/\/www.champagne-fedyk-chambres-hotes-hautvillers.com\/la-chevalee\/wp-content\/uploads\/2023\/01\/5-1200x675.jpg 1200w\" sizes=\"(max-width: 1920px) 100vw, 1920px\" \/><\/li>\n                <li style=\"display: none; width: 100%;\" class=\"slide-361 ms-image\"><img width=\"1920\" height=\"1080\" src=\"https:\/\/www.champagne-fedyk-chambres-hotes-hautvillers.com\/la-chevalee\/wp-content\/uploads\/2023\/01\/6.jpg\" class=\"slider-355 slide-361\" alt=\"\" decoding=\"async\" loading=\"lazy\" rel=\"\" title=\"6\" srcset=\"https:\/\/www.champagne-fedyk-chambres-hotes-hautvillers.com\/la-chevalee\/wp-content\/uploads\/2023\/01\/6.jpg 1920w, https:\/\/www.champagne-fedyk-chambres-hotes-hautvillers.com\/la-chevalee\/wp-content\/uploads\/2023\/01\/6-300x169.jpg 300w, https:\/\/www.champagne-fedyk-chambres-hotes-hautvillers.com\/la-chevalee\/wp-content\/uploads\/2023\/01\/6-1024x576.jpg 1024w, https:\/\/www.champagne-fedyk-chambres-hotes-hautvillers.com\/la-chevalee\/wp-content\/uploads\/2023\/01\/6-768x432.jpg 768w, https:\/\/www.champagne-fedyk-chambres-hotes-hautvillers.com\/la-chevalee\/wp-content\/uploads\/2023\/01\/6-1536x864.jpg 1536w, https:\/\/www.champagne-fedyk-chambres-hotes-hautvillers.com\/la-chevalee\/wp-content\/uploads\/2023\/01\/6-1200x675.jpg 1200w\" sizes=\"(max-width: 1920px) 100vw, 1920px\" \/><\/li>\n                <li style=\"display: none; width: 100%;\" class=\"slide-362 ms-image\"><img width=\"1920\" height=\"1080\" src=\"https:\/\/www.champagne-fedyk-chambres-hotes-hautvillers.com\/la-chevalee\/wp-content\/uploads\/2023\/01\/7.jpg\" class=\"slider-355 slide-362\" alt=\"\" decoding=\"async\" loading=\"lazy\" rel=\"\" title=\"7\" srcset=\"https:\/\/www.champagne-fedyk-chambres-hotes-hautvillers.com\/la-chevalee\/wp-content\/uploads\/2023\/01\/7.jpg 1920w, https:\/\/www.champagne-fedyk-chambres-hotes-hautvillers.com\/la-chevalee\/wp-content\/uploads\/2023\/01\/7-300x169.jpg 300w, https:\/\/www.champagne-fedyk-chambres-hotes-hautvillers.com\/la-chevalee\/wp-content\/uploads\/2023\/01\/7-1024x576.jpg 1024w, https:\/\/www.champagne-fedyk-chambres-hotes-hautvillers.com\/la-chevalee\/wp-content\/uploads\/2023\/01\/7-768x432.jpg 768w, https:\/\/www.champagne-fedyk-chambres-hotes-hautvillers.com\/la-chevalee\/wp-content\/uploads\/2023\/01\/7-1536x864.jpg 1536w, https:\/\/www.champagne-fedyk-chambres-hotes-hautvillers.com\/la-chevalee\/wp-content\/uploads\/2023\/01\/7-1200x675.jpg 1200w\" sizes=\"(max-width: 1920px) 100vw, 1920px\" \/><\/li>\n            <\/ul>\n        <\/div>\n        \n    <\/div>\n<\/div><\/div>\n<p><img decoding=\"async\" class=\"jumbo_down\" src=\"https:\/\/champagne-fedyk-chambres-hotes-hautvillers.com\/la-chevalee\/wp-content\/uploads\/2020\/03\/down.png\"><\/p>\n<\/section>\n\n\n<div class=\"wp-block-columns is-layout-flex wp-container-3\">\n<div class=\"wp-block-column is-layout-flow\">\n<p><strong>Situ\u00e9 pr\u00e8s d\u2019Epernay, c\u00e9l\u00e8bre village de Dom P\u00e9rignon, class\u00e9 au patrimoine mondial de l\u2019UNESCO, Hautvillers est le Berceau du Champagne.<\/strong><\/p>\n\n\n\n<p>Notre Maison d\u2019H\u00f4tes La Cheval\u00e9e, vous accueille au c\u0153ur de ce lieu unique dans son domaine viticole Champagne Pierre Fedyk.<\/p>\n<\/div>\n\n\n\n<div class=\"wp-block-column is-layout-flow\">\n<figure class=\"wp-block-image size-full\"><a href=\"https:\/\/www.tripadvisor.fr\/Hotel_Review-g2209359-d2283007-Reviews-La_Chevalee-Hautvillers_Marne_Grand_Est.html\" target=\"_blank\" rel=\"noopener\"><img decoding=\"async\" loading=\"lazy\" width=\"812\" height=\"680\" src=\"https:\/\/champagne-fedyk-chambres-hotes-hautvillers.com\/la-chevalee\/wp-content\/uploads\/2020\/11\/Avis-TripAdvisor-copie.png\" alt=\"\" class=\"wp-image-327\" srcset=\"https:\/\/www.champagne-fedyk-chambres-hotes-hautvillers.com\/la-chevalee\/wp-content\/uploads\/2020\/11\/Avis-TripAdvisor-copie.png 812w, https:\/\/www.champagne-fedyk-chambres-hotes-hautvillers.com\/la-chevalee\/wp-content\/uploads\/2020\/11\/Avis-TripAdvisor-copie-300x251.png 300w, https:\/\/www.champagne-fedyk-chambres-hotes-hautvillers.com\/la-chevalee\/wp-content\/uploads\/2020\/11\/Avis-TripAdvisor-copie-768x643.png 768w\" sizes=\"(max-width: 812px) 100vw, 812px\" \/><\/a><\/figure>\n<\/div>\n<\/div>\n\n\n\n<div class=\"wp-block-columns is-layout-flex wp-container-6\">\n<div class=\"wp-block-column is-layout-flow\">\n<figure class=\"wp-block-image size-large\"><a href=\"https:\/\/champagne-fedyk-chambres-hotes-hautvillers.com\/la-chevalee\/?page_id=11\"><img decoding=\"async\" loading=\"lazy\" width=\"1024\" height=\"768\" src=\"https:\/\/champagne-fedyk-chambres-hotes-hautvillers.com\/la-chevalee\/wp-content\/uploads\/2020\/11\/photoriginale1-24-1024x768.jpg\" alt=\"\" class=\"wp-image-269\" srcset=\"https:\/\/www.champagne-fedyk-chambres-hotes-hautvillers.com\/la-chevalee\/wp-content\/uploads\/2020\/11\/photoriginale1-24-1024x768.jpg 1024w, https:\/\/www.champagne-fedyk-chambres-hotes-hautvillers.com\/la-chevalee\/wp-content\/uploads\/2020\/11\/photoriginale1-24-300x225.jpg 300w, https:\/\/www.champagne-fedyk-chambres-hotes-hautvillers.com\/la-chevalee\/wp-content\/uploads\/2020\/11\/photoriginale1-24-768x576.jpg 768w, https:\/\/www.champagne-fedyk-chambres-hotes-hautvillers.com\/la-chevalee\/wp-content\/uploads\/2020\/11\/photoriginale1-24-1536x1152.jpg 1536w, https:\/\/www.champagne-fedyk-chambres-hotes-hautvillers.com\/la-chevalee\/wp-content\/uploads\/2020\/11\/photoriginale1-24-1200x900.jpg 1200w, https:\/\/www.champagne-fedyk-chambres-hotes-hautvillers.com\/la-chevalee\/wp-content\/uploads\/2020\/11\/photoriginale1-24-1980x1485.jpg 1980w, https:\/\/www.champagne-fedyk-chambres-hotes-hautvillers.com\/la-chevalee\/wp-content\/uploads\/2020\/11\/photoriginale1-24.jpg 2000w, https:\/\/www.champagne-fedyk-chambres-hotes-hautvillers.com\/la-chevalee\/wp-content\/uploads\/2020\/11\/photoriginale1-24-0x1100.jpg 1467w\" sizes=\"(max-width: 1024px) 100vw, 1024px\" \/><\/a><\/figure>\n<\/div>\n\n\n\n<div class=\"wp-block-column is-layout-flow\">\n<h2 class=\"wp-block-heading\"><a href=\"https:\/\/champagne-fedyk-chambres-hotes-hautvillers.com\/la-chevalee\/?page_id=11\">NOS CHAMBRES<\/a><\/h2>\n\n\n\n<p>Nos quatre suites de charme (45 m2), Zingaro, Buc\u00e9phale, Embelle et Rocinante, vous apporteront confort et raffinement dans un style soign\u00e9 et chaleureux avec vue sur les coteaux champenois.<\/p>\n\n\n\n<p><a href=\"https:\/\/champagne-fedyk-chambres-hotes-hautvillers.com\/la-chevalee\/?page_id=11\">En savoir plus<\/a><\/p>\n<\/div>\n<\/div>\n\n\n\n<div class=\"wp-block-columns is-layout-flex wp-container-9\">\n<div class=\"wp-block-column is-layout-flow\">\n<h2 class=\"wp-block-heading\"><a href=\"https:\/\/champagne-fedyk-chambres-hotes-hautvillers.com\/la-chevalee\/?page_id=15\">NOS SERVICES<\/a><\/h2>\n\n\n\n<p>D\u00e9couvrez nos services, location de v\u00e9los \u00e9lectriques, couloir de nage chauff\u00e9 (16m) et champagnes.<\/p>\n\n\n\n<p><a href=\"https:\/\/champagne-fedyk-chambres-hotes-hautvillers.com\/la-chevalee\/?page_id=15\">En savoir plus<\/a><\/p>\n<\/div>\n\n\n\n<div class=\"wp-block-column is-layout-flow\">\n<figure class=\"wp-block-image size-full\"><a href=\"https:\/\/champagne-fedyk-chambres-hotes-hautvillers.com\/la-chevalee\/?page_id=15\"><img decoding=\"async\" loading=\"lazy\" width=\"2560\" height=\"1752\" src=\"https:\/\/champagne-fedyk-chambres-hotes-hautvillers.com\/la-chevalee\/wp-content\/uploads\/2020\/11\/IMG_E2501-scaled.jpg\" alt=\"\" class=\"wp-image-293\" srcset=\"https:\/\/www.champagne-fedyk-chambres-hotes-hautvillers.com\/la-chevalee\/wp-content\/uploads\/2020\/11\/IMG_E2501-scaled.jpg 2560w, https:\/\/www.champagne-fedyk-chambres-hotes-hautvillers.com\/la-chevalee\/wp-content\/uploads\/2020\/11\/IMG_E2501-300x205.jpg 300w, https:\/\/www.champagne-fedyk-chambres-hotes-hautvillers.com\/la-chevalee\/wp-content\/uploads\/2020\/11\/IMG_E2501-1024x701.jpg 1024w, https:\/\/www.champagne-fedyk-chambres-hotes-hautvillers.com\/la-chevalee\/wp-content\/uploads\/2020\/11\/IMG_E2501-768x526.jpg 768w, https:\/\/www.champagne-fedyk-chambres-hotes-hautvillers.com\/la-chevalee\/wp-content\/uploads\/2020\/11\/IMG_E2501-1536x1051.jpg 1536w, https:\/\/www.champagne-fedyk-chambres-hotes-hautvillers.com\/la-chevalee\/wp-content\/uploads\/2020\/11\/IMG_E2501-2048x1402.jpg 2048w, https:\/\/www.champagne-fedyk-chambres-hotes-hautvillers.com\/la-chevalee\/wp-content\/uploads\/2020\/11\/IMG_E2501-1200x821.jpg 1200w, https:\/\/www.champagne-fedyk-chambres-hotes-hautvillers.com\/la-chevalee\/wp-content\/uploads\/2020\/11\/IMG_E2501-1980x1355.jpg 1980w, https:\/\/www.champagne-fedyk-chambres-hotes-hautvillers.com\/la-chevalee\/wp-content\/uploads\/2020\/11\/IMG_E2501-scaled-0x1100.jpg 1607w\" sizes=\"(max-width: 2560px) 100vw, 2560px\" \/><\/a><\/figure>\n<\/div>\n<\/div>\n\n\n\n<div class=\"wp-block-columns is-layout-flex wp-container-12\">\n<div class=\"wp-block-column is-layout-flow\">\n<figure class=\"wp-block-image size-large is-resized\"><a href=\"https:\/\/champagne-fedyk-chambres-hotes-hautvillers.com\/la-chevalee\/?page_id=370\"><img decoding=\"async\" loading=\"lazy\" src=\"https:\/\/champagne-fedyk-chambres-hotes-hautvillers.com\/la-chevalee\/wp-content\/uploads\/2020\/11\/Recto_Carte-cadeau-1024x502.jpg\" alt=\"\" class=\"wp-image-338\" width=\"512\" height=\"251\" srcset=\"https:\/\/www.champagne-fedyk-chambres-hotes-hautvillers.com\/la-chevalee\/wp-content\/uploads\/2020\/11\/Recto_Carte-cadeau-1024x502.jpg 1024w, https:\/\/www.champagne-fedyk-chambres-hotes-hautvillers.com\/la-chevalee\/wp-content\/uploads\/2020\/11\/Recto_Carte-cadeau-300x147.jpg 300w, https:\/\/www.champagne-fedyk-chambres-hotes-hautvillers.com\/la-chevalee\/wp-content\/uploads\/2020\/11\/Recto_Carte-cadeau-768x377.jpg 768w, https:\/\/www.champagne-fedyk-chambres-hotes-hautvillers.com\/la-chevalee\/wp-content\/uploads\/2020\/11\/Recto_Carte-cadeau-1536x753.jpg 1536w, https:\/\/www.champagne-fedyk-chambres-hotes-hautvillers.com\/la-chevalee\/wp-content\/uploads\/2020\/11\/Recto_Carte-cadeau-2048x1004.jpg 2048w, https:\/\/www.champagne-fedyk-chambres-hotes-hautvillers.com\/la-chevalee\/wp-content\/uploads\/2020\/11\/Recto_Carte-cadeau-1200x588.jpg 1200w, https:\/\/www.champagne-fedyk-chambres-hotes-hautvillers.com\/la-chevalee\/wp-content\/uploads\/2020\/11\/Recto_Carte-cadeau-1980x971.jpg 1980w\" sizes=\"(max-width: 512px) 100vw, 512px\" \/><\/a><\/figure>\n<\/div>\n\n\n\n<div class=\"wp-block-column is-layout-flow\">\n<h2 class=\"wp-block-heading\"><a href=\"https:\/\/champagne-fedyk-chambres-hotes-hautvillers.com\/la-chevalee\/?page_id=370\">CARTE CADEAU<\/a><\/h2>\n\n\n\n<p>Offrez une ou plusieurs nuit\u00e9es dans la chambre de votre choix.<\/p>\n\n\n\n<p>Pensez \u00e9galement aux attentions personnalis\u00e9es, fleurs en chambre, champagne, coffrets macarons.<\/p>\n\n\n\n<p><a href=\"https:\/\/champagne-fedyk-chambres-hotes-hautvillers.com\/la-chevalee\/?page_id=370\">En savoir plus<\/a><\/p>\n<\/div>\n<\/div>\n\n\n\n<div class=\"wp-block-columns is-layout-flex wp-container-15\">\n<div class=\"wp-block-column is-layout-flow\">\n<h2 class=\"wp-block-heading has-larger-font-size\"><a href=\"https:\/\/champagne-fedyk-chambres-hotes-hautvillers.com\/champagne-fedyk\/\">NOS CHAMPAGNES<\/a><\/h2>\n\n\n\n<p>\u00c0 la Cheval\u00e9e, vous serez au c\u0153ur du Domaine Champagne Pierre Fedyk, Maison familiale vous proposant ses 4 cuv\u00e9es ; la cuv\u00e9e Brut R\u00e9serve, la cuv\u00e9e Brut Ros\u00e9 issues des 3 c\u00e9pages Pinot Noir, Pinot Meunier et Chardonnay, la cuv\u00e9e Blanc de Blanc; 100% Chardonnay et la cuv\u00e9e Ros\u00e9 de Saign\u00e9e issue de la m\u00e9thode traditionnelle de mac\u00e9ration, 100% Pinot Noir.<\/p>\n\n\n\n<p>Le s\u00e9jour d\u2019une nuit dans une de nos chambres vous sera \u00e9galement offert d\u00e8s l\u2019achat de 60 flacons, sur r\u00e9servation.<br><\/p>\n\n\n\n<p><a href=\"https:\/\/champagne-fedyk-chambres-hotes-hautvillers.com\/champagne-fedyk\/cuvees\/\" target=\"_blank\" rel=\"noreferrer noopener\">E<\/a><a href=\"https:\/\/champagne-fedyk-chambres-hotes-hautvillers.com\/champagne-fedyk\/cuvees\/\">n savoir plus<\/a><\/p>\n<\/div>\n\n\n\n<div class=\"wp-block-column is-layout-flow\">\n<figure class=\"wp-block-image size-full\"><a href=\"https:\/\/champagne-fedyk-chambres-hotes-hautvillers.com\/champagne-fedyk\/\"><img decoding=\"async\" loading=\"lazy\" width=\"730\" height=\"518\" src=\"https:\/\/champagne-fedyk-chambres-hotes-hautvillers.com\/la-chevalee\/wp-content\/uploads\/2020\/05\/fedyk.jpg\" alt=\"\" class=\"wp-image-185\" srcset=\"https:\/\/www.champagne-fedyk-chambres-hotes-hautvillers.com\/la-chevalee\/wp-content\/uploads\/2020\/05\/fedyk.jpg 730w, https:\/\/www.champagne-fedyk-chambres-hotes-hautvillers.com\/la-chevalee\/wp-content\/uploads\/2020\/05\/fedyk-300x213.jpg 300w\" sizes=\"(max-width: 730px) 100vw, 730px\" \/><\/a><\/figure>\n<\/div>\n<\/div>\n","protected":false},"excerpt":{"rendered":"<p>Situ\u00e9 pr\u00e8s d\u2019Epernay, c\u00e9l\u00e8bre village de Dom P\u00e9rignon, class\u00e9 au patrimoine mondial de l\u2019UNESCO, Hautvillers est le Berceau du Champagne. Notre Maison d\u2019H\u00f4tes La Cheval\u00e9e, vous accueille au c\u0153ur de ce lieu unique dans son domaine viticole Champagne Pierre Fedyk. NOS CHAMBRES Nos quatre suites de charme (45 m2), Zingaro, Buc\u00e9phale, Embelle et Rocinante, vous [&hellip;]<\/p>\n","protected":false},"author":1,"featured_media":0,"parent":0,"menu_order":0,"comment_status":"closed","ping_status":"closed","template":"","meta":[],"_links":{"self":[{"href":"https:\/\/www.champagne-fedyk-chambres-hotes-hautvillers.com\/la-chevalee\/wp-json\/wp\/v2\/pages\/9"}],"collection":[{"href":"https:\/\/www.champagne-fedyk-chambres-hotes-hautvillers.com\/la-chevalee\/wp-json\/wp\/v2\/pages"}],"about":[{"href":"https:\/\/www.champagne-fedyk-chambres-hotes-hautvillers.com\/la-chevalee\/wp-json\/wp\/v2\/types\/page"}],"author":[{"embeddable":true,"href":"https:\/\/www.champagne-fedyk-chambres-hotes-hautvillers.com\/la-chevalee\/wp-json\/wp\/v2\/users\/1"}],"replies":[{"embeddable":true,"href":"https:\/\/www.champagne-fedyk-chambres-hotes-hautvillers.com\/la-chevalee\/wp-json\/wp\/v2\/comments?post=9"}],"version-history":[{"count":99,"href":"https:\/\/www.champagne-fedyk-chambres-hotes-hautvillers.com\/la-chevalee\/wp-json\/wp\/v2\/pages\/9\/revisions"}],"predecessor-version":[{"id":751,"href":"https:\/\/www.champagne-fedyk-chambres-hotes-hautvillers.com\/la-chevalee\/wp-json\/wp\/v2\/pages\/9\/revisions\/751"}],"wp:attachment":[{"href":"https:\/\/www.champagne-fedyk-chambres-hotes-hautvillers.com\/la-chevalee\/wp-json\/wp\/v2\/media?parent=9"}],"curies":[{"name":"wp","href":"https:\/\/api.w.org\/{rel}","templated":true}]}}